{"id":1031,"date":"2024-03-21T17:40:45","date_gmt":"2024-03-21T17:40:45","guid":{"rendered":"https:\/\/casadolivreiro.pt\/?post_type=product&#038;p=1031"},"modified":"2024-03-21T17:40:45","modified_gmt":"2024-03-21T17:40:45","slug":"manual-pratico-de-decoracao-artesanato-vols-3-traducao-de-margarida-antunes","status":"publish","type":"product","link":"https:\/\/casadolivreiro.pt\/index.php\/product\/manual-pratico-de-decoracao-artesanato-vols-3-traducao-de-margarida-antunes\/","title":{"rendered":"MANUAL PR\u00c1TICO DE DECORA\u00c7\u00c3O &#038; ARTESANATO (Vols. 3) &#8211; Tradu\u00e7\u00e3o de Margarida Antunes"},"content":{"rendered":"<p>MANUAL PR\u00c1TICO DE DECORA\u00c7\u00c3O &amp; ARTESANATO (Vols. 3)<br \/>\nTradu\u00e7\u00e3o de Margarida Antunes<br \/>\nAno de edi\u00e7\u00e3o: 1983?<br \/>\nEditor: Editorial Verbo. S\u00e3o Paulo<br \/>\nIdioma: Portugu\u00eas<br \/>\nDimens\u00f5es: 23 x v\u00e1rios x 30.5 cm<br \/>\nEncaderna\u00e7\u00e3o: Capa dura<br \/>\nP\u00e1ginas: 92 ( I), 90 (II), 81 (III)<\/p>\n","protected":false},"excerpt":{"rendered":"<p>MANUAL PR\u00c1TICO DE DECORA\u00c7\u00c3O &amp; ARTESANATO (Vols. 3) Tradu\u00e7\u00e3o de Margarida Antunes Ano de edi\u00e7\u00e3o: 1983? Editor: Editorial Verbo. S\u00e3o Paulo Idioma: Portugu\u00eas Dimens\u00f5es: 23 x v\u00e1rios x 30.5 cm Encaderna\u00e7\u00e3o: Capa dura P\u00e1ginas: 92 ( I), 90 (II), 81 (III)<\/p>\n","protected":false},"featured_media":1032,"comment_status":"open","ping_status":"closed","template":"","meta":{"om_disable_all_campaigns":false,"_monsterinsights_skip_tracking":false,"_monsterinsights_sitenote_active":false,"_monsterinsights_sitenote_note":"","_monsterinsights_sitenote_category":0,"_uf_show_specific_survey":0,"_uf_disable_surveys":false},"product_cat":[24,66],"product_tag":[],"aioseo_notices":[],"jetpack_sharing_enabled":true,"_links":{"self":[{"href":"https:\/\/casadolivreiro.pt\/index.php\/wp-json\/wp\/v2\/product\/1031"}],"collection":[{"href":"https:\/\/casadolivreiro.pt\/index.php\/wp-json\/wp\/v2\/product"}],"about":[{"href":"https:\/\/casadolivreiro.pt\/index.php\/wp-json\/wp\/v2\/types\/product"}],"replies":[{"embeddable":true,"href":"https:\/\/casadolivreiro.pt\/index.php\/wp-json\/wp\/v2\/comments?post=1031"}],"wp:featuredmedia":[{"embeddable":true,"href":"https:\/\/casadolivreiro.pt\/index.php\/wp-json\/wp\/v2\/media\/1032"}],"wp:attachment":[{"href":"https:\/\/casadolivreiro.pt\/index.php\/wp-json\/wp\/v2\/media?parent=1031"}],"wp:term":[{"taxonomy":"product_cat","embeddable":true,"href":"https:\/\/casadolivreiro.pt\/index.php\/wp-json\/wp\/v2\/product_cat?post=1031"},{"taxonomy":"product_tag","embeddable":true,"href":"https:\/\/casadolivreiro.pt\/index.php\/wp-json\/wp\/v2\/product_tag?post=1031"}],"curies":[{"name":"wp","href":"https:\/\/api.w.org\/{rel}","templated":true}]}}