{"id":1006,"date":"2024-03-21T16:52:15","date_gmt":"2024-03-21T16:52:15","guid":{"rendered":"https:\/\/casadolivreiro.pt\/?post_type=product&#038;p=1006"},"modified":"2024-03-21T16:52:15","modified_gmt":"2024-03-21T16:52:15","slug":"curso-pratico-de-matematicas-superiores-matematica-moderna-por-a-monteiro-leite","status":"publish","type":"product","link":"https:\/\/casadolivreiro.pt\/index.php\/product\/curso-pratico-de-matematicas-superiores-matematica-moderna-por-a-monteiro-leite\/","title":{"rendered":"CURSO PR\u00c1TICO DE MATEMATICAS SUPERIORES: MATEM\u00c1TICA MODERNA Por A. Monteiro Leite"},"content":{"rendered":"<p>CURSO PR\u00c1TICO DE MATEMATICAS SUPERIORES: MATEM\u00c1TICA MODERNA<br \/>\nPor A. Monteiro Leite<br \/>\nAno de edi\u00e7\u00e3o:\u00a0 1974<br \/>\nEditor: Caderno II<br \/>\nIdioma: Portugu\u00eas<br \/>\nDimens\u00f5es: 16\u00a0 x 1 x 22 cm<br \/>\nEncaderna\u00e7\u00e3o: Capa mole.<br \/>\nP\u00e1ginas: 154<\/p>\n","protected":false},"excerpt":{"rendered":"<p>CURSO PR\u00c1TICO DE MATEMATICAS SUPERIORES: MATEM\u00c1TICA MODERNA Por A. Monteiro Leite Ano de edi\u00e7\u00e3o:\u00a0 1974 Editor: Caderno II Idioma: Portugu\u00eas Dimens\u00f5es: 16\u00a0 x 1 x 22 cm Encaderna\u00e7\u00e3o: Capa mole. P\u00e1ginas: 154<\/p>\n","protected":false},"featured_media":1007,"comment_status":"open","ping_status":"closed","template":"","meta":{"om_disable_all_campaigns":false,"_monsterinsights_skip_tracking":false,"_monsterinsights_sitenote_active":false,"_monsterinsights_sitenote_note":"","_monsterinsights_sitenote_category":0,"_uf_show_specific_survey":0,"_uf_disable_surveys":false},"product_cat":[32],"product_tag":[],"aioseo_notices":[],"jetpack_sharing_enabled":true,"_links":{"self":[{"href":"https:\/\/casadolivreiro.pt\/index.php\/wp-json\/wp\/v2\/product\/1006"}],"collection":[{"href":"https:\/\/casadolivreiro.pt\/index.php\/wp-json\/wp\/v2\/product"}],"about":[{"href":"https:\/\/casadolivreiro.pt\/index.php\/wp-json\/wp\/v2\/types\/product"}],"replies":[{"embeddable":true,"href":"https:\/\/casadolivreiro.pt\/index.php\/wp-json\/wp\/v2\/comments?post=1006"}],"wp:featuredmedia":[{"embeddable":true,"href":"https:\/\/casadolivreiro.pt\/index.php\/wp-json\/wp\/v2\/media\/1007"}],"wp:attachment":[{"href":"https:\/\/casadolivreiro.pt\/index.php\/wp-json\/wp\/v2\/media?parent=1006"}],"wp:term":[{"taxonomy":"product_cat","embeddable":true,"href":"https:\/\/casadolivreiro.pt\/index.php\/wp-json\/wp\/v2\/product_cat?post=1006"},{"taxonomy":"product_tag","embeddable":true,"href":"https:\/\/casadolivreiro.pt\/index.php\/wp-json\/wp\/v2\/product_tag?post=1006"}],"curies":[{"name":"wp","href":"https:\/\/api.w.org\/{rel}","templated":true}]}}